{"id":2370,"date":"2018-04-24T11:40:47","date_gmt":"2018-04-24T09:40:47","guid":{"rendered":"https:\/\/evajor.com\/?page_id=2370"},"modified":"2024-03-07T14:18:13","modified_gmt":"2024-03-07T12:18:13","slug":"renda","status":"publish","type":"page","link":"https:\/\/evajor.com\/ca\/renda\/","title":{"rendered":"Renda"},"content":{"rendered":"<p>[vc_section full_width=&#8221;stretch_row&#8221; content_placement=&#8221;middle&#8221; css=&#8221;.vc_custom_1524729472064{background: rgba(0,0,0,0.18) url(https:\/\/evajor.com\/wp-content\/uploads\/2018\/04\/renta.jpg?id=979) !important;background-position: center !important;background-repeat: no-repeat !important;background-size: cover !important;*background-color: rgb(0,0,0) !important;}&#8221;][vc_row][vc_column][vc_column_text]<\/p>\n<h1><span style=\"color: #ffffff;\">Campanya de renda 2024<\/span><\/h1>\n<p><span style=\"color: #ffffff;\">Recordeu que el termini finalitza l&#8217;1 de juliol del 2024 (26 de juny, si es domicilia el pagament de l&#8217;impost).<\/span>[\/vc_column_text][\/vc_column][\/vc_row][\/vc_section][vc_row css=&#8221;.vc_custom_1587379414123{padding-top: 8vh !important;padding-bottom: 8vh !important;}&#8221;][vc_column][vc_column_text]<\/p>\n<h2>Assessorament Tributari i Fiscal Evajor<\/h2>\n<p>L&#8217;informem que la campanya per realitzar la DECLARACI\u00d3 DE LA RENDA I DE PATRIMONI de 2023 comen\u00e7ar\u00e0 el proper <strong>3 d&#8217;abril de 2024<\/strong> per a la presentaci\u00f3 telem\u00e0tica, per aix\u00f2, ens dirigim a vost\u00e8 a fi de posar a la seva disposici\u00f3 els nostres serveis d&#8217;assessorament tributari i fiscal.<\/p>\n<p>Com en els darrers exercicis, el sistema RENDA WEB, ens permet agilitzar els tr\u00e0mits de la declaraci\u00f3, i evitar-li despla\u00e7aments, la qual cosa tamb\u00e9, ens ha perm\u00e8s a nosaltres reduir els nostres honoraris en la:<\/p>\n<p>&#8211; Revisi\u00f3, i si escau, modificaci\u00f3 puntual de alguna dada err\u00f2nia de l&#8217;esborrany de la seva declaraci\u00f3. Presentaci\u00f3 Telem\u00e0tica.<\/p>\n<p>&#8211; Confecci\u00f3 de la declaraci\u00f3 de la renda. Presentaci\u00f3 Telem\u00e0tica.<\/p>\n<p>&#8211; Confecci\u00f3 de la Declaraci\u00f3 de l&#8217;Impost sobre el Patrimoni. Presentaci\u00f3 Telem\u00e0tica.[\/vc_column_text][\/vc_column][\/vc_row][vc_row][vc_column][vc_column_text]<\/p>\n<h2><span style=\"font-size: 18pt; color: #3e783f;\">Ens posem a treballar?<\/span><\/h2>\n<p>Si vost\u00e8 est\u00e0 interessat, nom\u00e9s cal que ens faci arribar:<\/p>\n<ul>\n<li>N\u00famero de refer\u00e8ncia.<\/li>\n<li>Declaraci\u00f3 de l&#8217;impost sobre la renda de l&#8217;exercici anterior.<\/li>\n<li>Tota aquella altra documentaci\u00f3 relativa a ingressos que hagi tingut durant l&#8217;exercici o acreditativa del dret a aplicar-se determinades deduccions.<\/li>\n<\/ul>\n<p>Tota aquesta documentaci\u00f3 ens la pot enviar per correu electr\u00f2nic a <a href=\"mailto:info@evajor.com\"><strong>info@evajor.com<\/strong><\/a> o b\u00e9 sol\u00b7licitar cita pr\u00e8via trucant al <a href=\"tel:933512728\"><strong>933.512.728<\/strong><\/a>.<\/p>\n<p>Recordeu que <strong>el termini finalitza l&#8217;1 de juliol del 2024<\/strong> (26 de juny, si es domicilia el pagament de l&#8217;impost).[\/vc_column_text][\/vc_column][\/vc_row][vc_row][vc_column][vc_gmaps link=&#8221;#E-8_JTNDaWZyYW1lJTIwc3JjJTNEJTIyaHR0cHMlM0ElMkYlMkZ3d3cuZ29vZ2xlLmNvbSUyRm1hcHMlMkZlbWJlZCUzRnBiJTNEJTIxMW0xOCUyMTFtMTIlMjExbTMlMjExZDI5OTEuNzE2MjcwMDQyMTQzJTIxMmQyLjE4NTAyODQxNTMyNjcwMyUyMTNkNDEuNDIzNjc3NDAxNzA3NzIlMjEybTMlMjExZjAlMjEyZjAlMjEzZjAlMjEzbTIlMjExaTEwMjQlMjEyaTc2OCUyMTRmMTMuMSUyMTNtMyUyMTFtMiUyMTFzMHgxMmE0YmNkNGQ0NjFhMWIxJTI1M0EweDM0MWY0NGQxNzA3Y2VlYzMlMjEyc0V2YWpvciUyQlNMJTIxNWUwJTIxM20yJTIxMXNlcyUyMTJzZXMlMjE0djE1MjQ3MjgyNjc2MjUlMjIlMjB3aWR0aCUzRCUyMjYwMCUyMiUyMGhlaWdodCUzRCUyMjQ1MCUyMiUyMGZyYW1lYm9yZGVyJTNEJTIyMCUyMiUyMHN0eWxlJTNEJTIyYm9yZGVyJTNBMCUyMiUyMGFsbG93ZnVsbHNjcmVlbiUzRSUzQyUyRmlmcmFtZSUzRQ==&#8221;][\/vc_column][\/vc_row]<\/p>\n","protected":false},"excerpt":{"rendered":"<p>[vc_section full_width=&#8221;stretch_row&#8221; content_placement=&#8221;middle&#8221; css=&#8221;.vc_custom_1524729472064{background: rgba(0,0,0,0.18) url(https:\/\/evajor.com\/wp-content\/uploads\/2018\/04\/renta.jpg?id=979) !important;background-position: center !important;background-repeat: no-repeat !important;background-size: cover !important;*background-color: rgb(0,0,0) !important;}&#8221;][vc_row][vc_column][vc_column_text] Campanya de renda 2024 Recordeu que el termini finalitza l&#8217;1 de juliol del 2024 (26 de juny, si es domicilia el pagament de l&#8217;impost).[\/vc_column_text][\/vc_column][\/vc_row][\/vc_section][vc_row css=&#8221;.vc_custom_1587379414123{padding-top: 8vh !important;padding-bottom: 8vh !important;}&#8221;][vc_column][vc_column_text] Assessorament Tributari i Fiscal Evajor L&#8217;informem que la campanya per realitzar la DECLARACI\u00d3 DE LA RENDA I DE PATRIMONI de &#8230;<\/p>\n","protected":false},"author":6,"featured_media":2373,"parent":0,"menu_order":0,"comment_status":"closed","ping_status":"closed","template":"","meta":{"_joinchat":[],"footnotes":""},"class_list":["post-2370","page","type-page","status-publish","has-post-thumbnail","hentry"],"yoast_head":"<!-- This site is optimized with the Yoast SEO plugin v17.9 - https:\/\/yoast.com\/wordpress\/plugins\/seo\/ -->\n<meta name=\"robots\" content=\"index, follow, max-snippet:-1, max-image-preview:large, max-video-preview:-1\" \/>\n<link rel=\"canonical\" href=\"https:\/\/evajor.com\/ca\/renda\/\" \/>\n<meta property=\"og:locale\" content=\"ca_ES\" \/>\n<meta property=\"og:type\" content=\"article\" \/>\n<meta property=\"og:title\" content=\"Renda - Evajor - Abogados &amp; Administradores de Fincas en Barcelona\" \/>\n<meta property=\"og:description\" content=\"[vc_section full_width=&#8221;stretch_row&#8221; content_placement=&#8221;middle&#8221; css=&#8221;.vc_custom_1524729472064{background: rgba(0,0,0,0.18) url(https:\/\/evajor.com\/wp-content\/uploads\/2018\/04\/renta.jpg?id=979) !important;background-position: center !important;background-repeat: no-repeat !important;background-size: cover !important;*background-color: rgb(0,0,0) !important;}&#8221;][vc_row][vc_column][vc_column_text] Campanya de renda 2024 Recordeu que el termini finalitza l&#8217;1 de juliol del 2024 (26 de juny, si es domicilia el pagament de l&#8217;impost).[\/vc_column_text][\/vc_column][\/vc_row][\/vc_section][vc_row css=&#8221;.vc_custom_1587379414123{padding-top: 8vh !important;padding-bottom: 8vh !important;}&#8221;][vc_column][vc_column_text] Assessorament Tributari i Fiscal Evajor L&#8217;informem que la campanya per realitzar la DECLARACI\u00d3 DE LA RENDA I DE PATRIMONI de ...\" \/>\n<meta property=\"og:url\" content=\"https:\/\/evajor.com\/ca\/renda\/\" \/>\n<meta property=\"og:site_name\" content=\"Evajor - Abogados &amp; Administradores de Fincas en Barcelona\" \/>\n<meta property=\"article:modified_time\" content=\"2024-03-07T12:18:13+00:00\" \/>\n<meta property=\"og:image\" content=\"https:\/\/evajor.com\/wp-content\/uploads\/2018\/04\/nominas.jpg\" \/>\n\t<meta property=\"og:image:width\" content=\"664\" \/>\n\t<meta property=\"og:image:height\" content=\"346\" \/>\n\t<meta property=\"og:image:type\" content=\"image\/jpeg\" \/>\n<meta name=\"twitter:card\" content=\"summary_large_image\" \/>\n<meta name=\"twitter:label1\" content=\"Temps estimat de lectura\" \/>\n\t<meta name=\"twitter:data1\" content=\"2 minuts\" \/>\n<script type=\"application\/ld+json\" class=\"yoast-schema-graph\">{\"@context\":\"https:\/\/schema.org\",\"@graph\":[{\"@type\":\"WebSite\",\"@id\":\"https:\/\/evajor.com\/#website\",\"url\":\"https:\/\/evajor.com\/\",\"name\":\"Evajor - Abogados &amp; Administradores de Fincas en Barcelona\",\"description\":\"En Evajor nacimos con la vocaci\\u00f3n de servicio al cliente y, hoy en d\\u00eda, encontrar soluciones a medida es nuestra mejor carta de presentaci\\u00f3n.\",\"potentialAction\":[{\"@type\":\"SearchAction\",\"target\":{\"@type\":\"EntryPoint\",\"urlTemplate\":\"https:\/\/evajor.com\/?s={search_term_string}\"},\"query-input\":\"required name=search_term_string\"}],\"inLanguage\":\"ca\"},{\"@type\":\"ImageObject\",\"@id\":\"https:\/\/evajor.com\/ca\/renda\/#primaryimage\",\"inLanguage\":\"ca\",\"url\":\"https:\/\/evajor.com\/wp-content\/uploads\/2018\/04\/nominas.jpg\",\"contentUrl\":\"https:\/\/evajor.com\/wp-content\/uploads\/2018\/04\/nominas.jpg\",\"width\":664,\"height\":346},{\"@type\":\"WebPage\",\"@id\":\"https:\/\/evajor.com\/ca\/renda\/#webpage\",\"url\":\"https:\/\/evajor.com\/ca\/renda\/\",\"name\":\"Renda - Evajor - Abogados &amp; Administradores de Fincas en Barcelona\",\"isPartOf\":{\"@id\":\"https:\/\/evajor.com\/#website\"},\"primaryImageOfPage\":{\"@id\":\"https:\/\/evajor.com\/ca\/renda\/#primaryimage\"},\"datePublished\":\"2018-04-24T09:40:47+00:00\",\"dateModified\":\"2024-03-07T12:18:13+00:00\",\"breadcrumb\":{\"@id\":\"https:\/\/evajor.com\/ca\/renda\/#breadcrumb\"},\"inLanguage\":\"ca\",\"potentialAction\":[{\"@type\":\"ReadAction\",\"target\":[\"https:\/\/evajor.com\/ca\/renda\/\"]}]},{\"@type\":\"BreadcrumbList\",\"@id\":\"https:\/\/evajor.com\/ca\/renda\/#breadcrumb\",\"itemListElement\":[{\"@type\":\"ListItem\",\"position\":1,\"name\":\"Portada\",\"item\":\"https:\/\/evajor.com\/ca\/\"},{\"@type\":\"ListItem\",\"position\":2,\"name\":\"Renda\"}]}]}<\/script>\n<!-- \/ Yoast SEO plugin. -->","yoast_head_json":{"robots":{"index":"index","follow":"follow","max-snippet":"max-snippet:-1","max-image-preview":"max-image-preview:large","max-video-preview":"max-video-preview:-1"},"canonical":"https:\/\/evajor.com\/ca\/renda\/","og_locale":"ca_ES","og_type":"article","og_title":"Renda - Evajor - Abogados &amp; Administradores de Fincas en Barcelona","og_description":"[vc_section full_width=&#8221;stretch_row&#8221; content_placement=&#8221;middle&#8221; css=&#8221;.vc_custom_1524729472064{background: rgba(0,0,0,0.18) url(https:\/\/evajor.com\/wp-content\/uploads\/2018\/04\/renta.jpg?id=979) !important;background-position: center !important;background-repeat: no-repeat !important;background-size: cover !important;*background-color: rgb(0,0,0) !important;}&#8221;][vc_row][vc_column][vc_column_text] Campanya de renda 2024 Recordeu que el termini finalitza l&#8217;1 de juliol del 2024 (26 de juny, si es domicilia el pagament de l&#8217;impost).[\/vc_column_text][\/vc_column][\/vc_row][\/vc_section][vc_row css=&#8221;.vc_custom_1587379414123{padding-top: 8vh !important;padding-bottom: 8vh !important;}&#8221;][vc_column][vc_column_text] Assessorament Tributari i Fiscal Evajor L&#8217;informem que la campanya per realitzar la DECLARACI\u00d3 DE LA RENDA I DE PATRIMONI de ...","og_url":"https:\/\/evajor.com\/ca\/renda\/","og_site_name":"Evajor - Abogados &amp; Administradores de Fincas en Barcelona","article_modified_time":"2024-03-07T12:18:13+00:00","og_image":[{"width":664,"height":346,"url":"https:\/\/evajor.com\/wp-content\/uploads\/2018\/04\/nominas.jpg","type":"image\/jpeg"}],"twitter_card":"summary_large_image","twitter_misc":{"Temps estimat de lectura":"2 minuts"},"schema":{"@context":"https:\/\/schema.org","@graph":[{"@type":"WebSite","@id":"https:\/\/evajor.com\/#website","url":"https:\/\/evajor.com\/","name":"Evajor - Abogados &amp; Administradores de Fincas en Barcelona","description":"En Evajor nacimos con la vocaci\u00f3n de servicio al cliente y, hoy en d\u00eda, encontrar soluciones a medida es nuestra mejor carta de presentaci\u00f3n.","potentialAction":[{"@type":"SearchAction","target":{"@type":"EntryPoint","urlTemplate":"https:\/\/evajor.com\/?s={search_term_string}"},"query-input":"required name=search_term_string"}],"inLanguage":"ca"},{"@type":"ImageObject","@id":"https:\/\/evajor.com\/ca\/renda\/#primaryimage","inLanguage":"ca","url":"https:\/\/evajor.com\/wp-content\/uploads\/2018\/04\/nominas.jpg","contentUrl":"https:\/\/evajor.com\/wp-content\/uploads\/2018\/04\/nominas.jpg","width":664,"height":346},{"@type":"WebPage","@id":"https:\/\/evajor.com\/ca\/renda\/#webpage","url":"https:\/\/evajor.com\/ca\/renda\/","name":"Renda - Evajor - Abogados &amp; Administradores de Fincas en Barcelona","isPartOf":{"@id":"https:\/\/evajor.com\/#website"},"primaryImageOfPage":{"@id":"https:\/\/evajor.com\/ca\/renda\/#primaryimage"},"datePublished":"2018-04-24T09:40:47+00:00","dateModified":"2024-03-07T12:18:13+00:00","breadcrumb":{"@id":"https:\/\/evajor.com\/ca\/renda\/#breadcrumb"},"inLanguage":"ca","potentialAction":[{"@type":"ReadAction","target":["https:\/\/evajor.com\/ca\/renda\/"]}]},{"@type":"BreadcrumbList","@id":"https:\/\/evajor.com\/ca\/renda\/#breadcrumb","itemListElement":[{"@type":"ListItem","position":1,"name":"Portada","item":"https:\/\/evajor.com\/ca\/"},{"@type":"ListItem","position":2,"name":"Renda"}]}]}},"_links":{"self":[{"href":"https:\/\/evajor.com\/ca\/wp-json\/wp\/v2\/pages\/2370\/"}],"collection":[{"href":"https:\/\/evajor.com\/ca\/wp-json\/wp\/v2\/pages\/"}],"about":[{"href":"https:\/\/evajor.com\/ca\/wp-json\/wp\/v2\/types\/page\/"}],"author":[{"embeddable":true,"href":"https:\/\/evajor.com\/ca\/wp-json\/wp\/v2\/users\/6\/"}],"replies":[{"embeddable":true,"href":"https:\/\/evajor.com\/ca\/wp-json\/wp\/v2\/comments\/?post=2370"}],"version-history":[{"count":6,"href":"https:\/\/evajor.com\/ca\/wp-json\/wp\/v2\/pages\/2370\/revisions\/"}],"predecessor-version":[{"id":4656,"href":"https:\/\/evajor.com\/ca\/wp-json\/wp\/v2\/pages\/2370\/revisions\/4656\/"}],"wp:featuredmedia":[{"embeddable":true,"href":"https:\/\/evajor.com\/ca\/wp-json\/wp\/v2\/media\/2373\/"}],"wp:attachment":[{"href":"https:\/\/evajor.com\/ca\/wp-json\/wp\/v2\/media\/?parent=2370"}],"curies":[{"name":"wp","href":"https:\/\/api.w.org\/{rel}","templated":true}]}}

<p>[vc_section full_width=&#8221;stretch_row&#8221; content_placement=&#8221;middle&#8221; css=&#8221;.vc_custom_1524729472064{background: rgba(0,0,0,0.18) url(https://evajor.com/wp-content/uploads/2018/04/renta.jpg?id=979) !important;background-position: center !important;background-repeat: no-repeat !important;background-size: cover !important;*background-color: rgb(0,0,0) !important;}&#8221;][vc_row][vc_column][vc_column_text]</p>
<h1><span style="color: #ffffff;">Campanya de renda 2024</span></h1>
<p><span style="color: #ffffff;">Recordeu que el termini finalitza l&#8217;1 de juliol del 2024 (26 de juny, si es domicilia el pagament de l&#8217;impost).</span>[/vc_column_text][/vc_column][/vc_row][/vc_section][vc_row css=&#8221;.vc_custom_1587379414123{padding-top: 8vh !important;padding-bottom: 8vh !important;}&#8221;][vc_column][vc_column_text]</p>
<h2>Assessorament Tributari i Fiscal Evajor</h2>
<p>L&#8217;informem que la campanya per realitzar la DECLARACIÓ DE LA RENDA I DE PATRIMONI de 2023 començarà el proper <strong>3 d&#8217;abril de 2024</strong> per a la presentació telemàtica, per això, ens dirigim a vostè a fi de posar a la seva disposició els nostres serveis d&#8217;assessorament tributari i fiscal.</p>
<p>Com en els darrers exercicis, el sistema RENDA WEB, ens permet agilitzar els tràmits de la declaració, i evitar-li desplaçaments, la qual cosa també, ens ha permès a nosaltres reduir els nostres honoraris en la:</p>
<p>&#8211; Revisió, i si escau, modificació puntual de alguna dada errònia de l&#8217;esborrany de la seva declaració. Presentació Telemàtica.</p>
<p>&#8211; Confecció de la declaració de la renda. Presentació Telemàtica.</p>
<p>&#8211; Confecció de la Declaració de l&#8217;Impost sobre el Patrimoni. Presentació Telemàtica.[/vc_column_text][/vc_column][/vc_row][vc_row][vc_column][vc_column_text]</p>
<h2><span style="font-size: 18pt; color: #3e783f;">Ens posem a treballar?</span></h2>
<p>Si vostè està interessat, només cal que ens faci arribar:</p>
<ul>
<li>Número de referència.</li>
<li>Declaració de l&#8217;impost sobre la renda de l&#8217;exercici anterior.</li>
<li>Tota aquella altra documentació relativa a ingressos que hagi tingut durant l&#8217;exercici o acreditativa del dret a aplicar-se determinades deduccions.</li>
</ul>
<p>Tota aquesta documentació ens la pot enviar per correu electrònic a <a href="mailto:info@evajor.com"><strong>info@evajor.com</strong></a> o bé sol·licitar cita prèvia trucant al <a href="tel:933512728"><strong>933.512.728</strong></a>.</p>
<p>Recordeu que <strong>el termini finalitza l&#8217;1 de juliol del 2024</strong> (26 de juny, si es domicilia el pagament de l&#8217;impost).[/vc_column_text][/vc_column][/vc_row][vc_row][vc_column][vc_gmaps link=&#8221;#E-8_JTNDaWZyYW1lJTIwc3JjJTNEJTIyaHR0cHMlM0ElMkYlMkZ3d3cuZ29vZ2xlLmNvbSUyRm1hcHMlMkZlbWJlZCUzRnBiJTNEJTIxMW0xOCUyMTFtMTIlMjExbTMlMjExZDI5OTEuNzE2MjcwMDQyMTQzJTIxMmQyLjE4NTAyODQxNTMyNjcwMyUyMTNkNDEuNDIzNjc3NDAxNzA3NzIlMjEybTMlMjExZjAlMjEyZjAlMjEzZjAlMjEzbTIlMjExaTEwMjQlMjEyaTc2OCUyMTRmMTMuMSUyMTNtMyUyMTFtMiUyMTFzMHgxMmE0YmNkNGQ0NjFhMWIxJTI1M0EweDM0MWY0NGQxNzA3Y2VlYzMlMjEyc0V2YWpvciUyQlNMJTIxNWUwJTIxM20yJTIxMXNlcyUyMTJzZXMlMjE0djE1MjQ3MjgyNjc2MjUlMjIlMjB3aWR0aCUzRCUyMjYwMCUyMiUyMGhlaWdodCUzRCUyMjQ1MCUyMiUyMGZyYW1lYm9yZGVyJTNEJTIyMCUyMiUyMHN0eWxlJTNEJTIyYm9yZGVyJTNBMCUyMiUyMGFsbG93ZnVsbHNjcmVlbiUzRSUzQyUyRmlmcmFtZSUzRQ==&#8221;][/vc_column][/vc_row]</p>

<p>[vc_section full_width=&#8221;stretch_row&#8221; content_placement=&#8221;middle&#8221; css=&#8221;.vc_custom_1524729472064{background: rgba(0,0,0,0.18) url(https://evajor.com/wp-content/uploads/2018/04/renta.jpg?id=979) !important;background-position: center !important;background-repeat: no-repeat !important;background-size: cover !important;*background-color: rgb(0,0,0) !important;}&#8221;][vc_row][vc_column][vc_column_text] Campanya de renda 2024 Recordeu que el termini finalitza l&#8217;1 de juliol del 2024 (26 de juny, si es domicilia el pagament de l&#8217;impost).[/vc_column_text][/vc_column][/vc_row][/vc_section][vc_row css=&#8221;.vc_custom_1587379414123{padding-top: 8vh !important;padding-bottom: 8vh !important;}&#8221;][vc_column][vc_column_text] Assessorament Tributari i Fiscal Evajor L&#8217;informem que la campanya per realitzar la DECLARACIÓ DE LA RENDA I DE PATRIMONI de &#8230;</p>

<!-- This site is optimized with the Yoast SEO plugin v17.9 - https://yoast.com/wordpress/plugins/seo/ -->
<meta name="robots" content="index, follow, max-snippet:-1, max-image-preview:large, max-video-preview:-1" />
<link rel="canonical" href="https://evajor.com/ca/renda/" />
<meta property="og:locale" content="ca_ES" />
<meta property="og:type" content="article" />
<meta property="og:title" content="Renda - Evajor - Abogados &amp; Administradores de Fincas en Barcelona" />
<meta property="og:description" content="[vc_section full_width=&#8221;stretch_row&#8221; content_placement=&#8221;middle&#8221; css=&#8221;.vc_custom_1524729472064{background: rgba(0,0,0,0.18) url(https://evajor.com/wp-content/uploads/2018/04/renta.jpg?id=979) !important;background-position: center !important;background-repeat: no-repeat !important;background-size: cover !important;*background-color: rgb(0,0,0) !important;}&#8221;][vc_row][vc_column][vc_column_text] Campanya de renda 2024 Recordeu que el termini finalitza l&#8217;1 de juliol del 2024 (26 de juny, si es domicilia el pagament de l&#8217;impost).[/vc_column_text][/vc_column][/vc_row][/vc_section][vc_row css=&#8221;.vc_custom_1587379414123{padding-top: 8vh !important;padding-bottom: 8vh !important;}&#8221;][vc_column][vc_column_text] Assessorament Tributari i Fiscal Evajor L&#8217;informem que la campanya per realitzar la DECLARACIÓ DE LA RENDA I DE PATRIMONI de ..." />
<meta property="og:url" content="https://evajor.com/ca/renda/" />
<meta property="og:site_name" content="Evajor - Abogados &amp; Administradores de Fincas en Barcelona" />
<meta property="article:modified_time" content="2024-03-07T12:18:13+00:00" />
<meta property="og:image" content="https://evajor.com/wp-content/uploads/2018/04/nominas.jpg" />
	<meta property="og:image:width" content="664" />
	<meta property="og:image:height" content="346" />
	<meta property="og:image:type" content="image/jpeg" />
<meta name="twitter:card" content="summary_large_image" />
<meta name="twitter:label1" content="Temps estimat de lectura" />
	<meta name="twitter:data1" content="2 minuts" />
<script type="application/ld+json" class="yoast-schema-graph">{"@context":"https://schema.org","@graph":[{"@type":"WebSite","@id":"https://evajor.com/#website","url":"https://evajor.com/","name":"Evajor - Abogados &amp; Administradores de Fincas en Barcelona","description":"En Evajor nacimos con la vocaci\u00f3n de servicio al cliente y, hoy en d\u00eda, encontrar soluciones a medida es nuestra mejor carta de presentaci\u00f3n.","potentialAction":[{"@type":"SearchAction","target":{"@type":"EntryPoint","urlTemplate":"https://evajor.com/?s={search_term_string}"},"query-input":"required name=search_term_string"}],"inLanguage":"ca"},{"@type":"ImageObject","@id":"https://evajor.com/ca/renda/#primaryimage","inLanguage":"ca","url":"https://evajor.com/wp-content/uploads/2018/04/nominas.jpg","contentUrl":"https://evajor.com/wp-content/uploads/2018/04/nominas.jpg","width":664,"height":346},{"@type":"WebPage","@id":"https://evajor.com/ca/renda/#webpage","url":"https://evajor.com/ca/renda/","name":"Renda - Evajor - Abogados &amp; Administradores de Fincas en Barcelona","isPartOf":{"@id":"https://evajor.com/#website"},"primaryImageOfPage":{"@id":"https://evajor.com/ca/renda/#primaryimage"},"datePublished":"2018-04-24T09:40:47+00:00","dateModified":"2024-03-07T12:18:13+00:00","breadcrumb":{"@id":"https://evajor.com/ca/renda/#breadcrumb"},"inLanguage":"ca","potentialAction":[{"@type":"ReadAction","target":["https://evajor.com/ca/renda/"]}]},{"@type":"BreadcrumbList","@id":"https://evajor.com/ca/renda/#breadcrumb","itemListElement":[{"@type":"ListItem","position":1,"name":"Portada","item":"https://evajor.com/ca/"},{"@type":"ListItem","position":2,"name":"Renda"}]}]}</script>
<!-- / Yoast SEO plugin. -->

[vc_section full_width=&#8221;stretch_row&#8221; content_placement=&#8221;middle&#8221; css=&#8221;.vc_custom_1524729472064{background: rgba(0,0,0,0.18) url(https://evajor.com/wp-content/uploads/2018/04/renta.jpg?id=979) !important;background-position: center !important;background-repeat: no-repeat !important;background-size: cover !important;*background-color: rgb(0,0,0) !important;}&#8221;][vc_row][vc_column][vc_column_text] Campanya de renda 2024 Recordeu que el termini finalitza l&#8217;1 de juliol del 2024 (26 de juny, si es domicilia el pagament de l&#8217;impost).[/vc_column_text][/vc_column][/vc_row][/vc_section][vc_row css=&#8221;.vc_custom_1587379414123{padding-top: 8vh !important;padding-bottom: 8vh !important;}&#8221;][vc_column][vc_column_text] Assessorament Tributari i Fiscal Evajor L&#8217;informem que la campanya per realitzar la DECLARACIÓ DE LA RENDA I DE PATRIMONI de ...

En Evajor nacimos con la vocación de servicio al cliente y, hoy en día, encontrar soluciones a medida es nuestra mejor carta de presentación.
