{"version":"1.0","provider_name":"Evajor - Abogados &amp; Administradores de Fincas en Barcelona","provider_url":"https:\/\/evajor.com\/ca\/","author_name":"Andrea","author_url":"https:\/\/evajor.com\/ca\/author\/andrea\/","title":"Noves mesures contra la COVID-19 - Evajor - Abogados &amp; Administradores de Fincas en Barcelona","type":"rich","width":600,"height":338,"html":"<blockquote class=\"wp-embedded-content\" data-secret=\"M5BVwXxD2K\"><a href=\"https:\/\/evajor.com\/ca\/noves-mesures-contra-la-covid-19\/\">Noves mesures contra la COVID-19<\/a><\/blockquote><iframe sandbox=\"allow-scripts\" security=\"restricted\" src=\"https:\/\/evajor.com\/ca\/noves-mesures-contra-la-covid-19\/embed\/#?secret=M5BVwXxD2K\" width=\"600\" height=\"338\" title=\"&#8220;Noves mesures contra la COVID-19&#8221; &#8212; Evajor - Abogados &amp; Administradores de Fincas en Barcelona\" data-secret=\"M5BVwXxD2K\" frameborder=\"0\" marginwidth=\"0\" marginheight=\"0\" scrolling=\"no\" class=\"wp-embedded-content\"><\/iframe><script type=\"text\/javascript\">\n\/* <![CDATA[ *\/\n\/*! This file is auto-generated *\/\n!function(d,l){\"use strict\";l.querySelector&&d.addEventListener&&\"undefined\"!=typeof URL&&(d.wp=d.wp||{},d.wp.receiveEmbedMessage||(d.wp.receiveEmbedMessage=function(e){var t=e.data;if((t||t.secret||t.message||t.value)&&!\/[^a-zA-Z0-9]\/.test(t.secret)){for(var s,r,n,a=l.querySelectorAll('iframe[data-secret=\"'+t.secret+'\"]'),o=l.querySelectorAll('blockquote[data-secret=\"'+t.secret+'\"]'),c=new RegExp(\"^https?:$\",\"i\"),i=0;i<o.length;i++)o[i].style.display=\"none\";for(i=0;i<a.length;i++)s=a[i],e.source===s.contentWindow&&(s.removeAttribute(\"style\"),\"height\"===t.message?(1e3<(r=parseInt(t.value,10))?r=1e3:~~r<200&&(r=200),s.height=r):\"link\"===t.message&&(r=new URL(s.getAttribute(\"src\")),n=new URL(t.value),c.test(n.protocol))&&n.host===r.host&&l.activeElement===s&&(d.top.location.href=t.value))}},d.addEventListener(\"message\",d.wp.receiveEmbedMessage,!1),l.addEventListener(\"DOMContentLoaded\",function(){for(var e,t,s=l.querySelectorAll(\"iframe.wp-embedded-content\"),r=0;r<s.length;r++)(t=(e=s[r]).getAttribute(\"data-secret\"))||(t=Math.random().toString(36).substring(2,12),e.src+=\"#?secret=\"+t,e.setAttribute(\"data-secret\",t)),e.contentWindow.postMessage({message:\"ready\",secret:t},\"*\")},!1)))}(window,document);\n\/\/# sourceURL=https:\/\/evajor.com\/wp-includes\/js\/wp-embed.min.js\n\/* ]]> *\/\n<\/script>\n","thumbnail_url":"https:\/\/evajor.com\/wp-content\/uploads\/2021\/02\/CAT_NOVES-MESURES.png","thumbnail_width":1350,"thumbnail_height":650,"description":"Activitats socials Limitaci\u00f3 a 6 persones de, com a m\u00e0xim, dues bombolles de conviv\u00e8ncia. &nbsp; Mobilitat Territori de Catalunya: restringida l&#8217;entrada i sortida sense motiu justificat. La mobilitat laboral nom\u00e9s es permet quan no es pot teletreballar. Comarca: restringida la mobilitat tota la setmana, excepte per motius justificats, com la impossibilitat de teletreballar. Permesa la mobilitat en l&#8217;\u00e0mbit escolar sense pernoctaci\u00f3. &nbsp; Confinament nocturn ..."}

Activitats socials Limitació a 6 persones de, com a màxim, dues bombolles de convivència. &nbsp; Mobilitat Territori de Catalunya: restringida l&#8217;entrada i sortida sense motiu justificat. La mobilitat laboral només es permet quan no es pot teletreballar. Comarca: restringida la mobilitat tota la setmana, excepte per motius justificats, com la impossibilitat de teletreballar. Permesa la mobilitat en l&#8217;àmbit escolar sense pernoctació. &nbsp; Confinament nocturn ...
